he ten thousands digit of 3108444?
0
What is the ten thousands digit of 550920?
5
What is the tens digit of 32956113?
1
What is the tens digit of 294604?
0
What is the tens digit of 137030?
3
What is the hundreds digit of 43859?
8
What is the ten millions digit of 14154422?
1
What is the units digit of 29093022?
2
What is the thousands digit of 9310561?
0
What is the millions digit of 3158167?
3
What is the thousands digit of 127008?
7
What is the ten thousands digit of 1226000?
2
What is the thousands digit of 384553?
4
What is the ten thousands digit of 156100?
5
What is the hundred thousands digit of 1488649?
4
What is the units digit of 980944?
4
What is the hundred thousands digit of 9828919?
8
What is the units digit of 11998653?
3
What is the thousands digit of 524791?
4
What is the thousands digit of 45862?
5
What is the ten thousands digit of 916077?
1
What is the tens digit of 1253112?
1
What is the hundreds digit of 246214?
2
What is the hundred thousands digit of 17449940?
4
What is the hundred thousands digit of 4805603?
8
What is the ten thousands digit of 2999633?
9
What is the hundred thousands digit of 199957?
1
What is the tens digit of 835616?
1
What is the tens digit of 248308?
0
What is the thousands digit of 311581?
1
What is the hundred thousands digit of 2191986?
1
What is the hundreds digit of 31272513?
5
What is the hundred thousands digit of 4257780?
2
What is the hundred thousands digit of 4001554?
0
What is the hundreds digit of 319838?
8
What is the hundred thousands digit of 21935192?
9
What is the hundred thousands digit of 8827362?
8
What is the units digit of 2913130?
0
What is the units digit of 1449741?
1
What is the millions digit of 2573228?
2
What is the thousands digit of 227351?
7
What is the tens digit of 3828153?
5
What is the tens digit of 46698?
9
What is the ten thousands digit of 4646693?
4
What is the tens digit of 376303?
0
What is the hundreds digit of 16043588?
5
What is the hundreds digit of 257644?
6
What is the hundreds digit of 1381880?
8
What is the hundreds digit of 267976?
9
What is the ten thousands digit of 343925?
4
What is the tens digit of 24364451?
5
What is the units digit of 1790616?
6
What is the tens digit of 879217?
1
What is the tens digit of 474301?
0
What is the thousands digit of 223646?
3
What is the thousands digit of 3882004?
2
What is the tens digit of 13691020?
2
What is the hundreds digit of 1200740?
7
What is the thousands digit of 66145?
6
What is the ten thousands digit of 816249?
1
What is the tens digit of 1693011?
1
What is the units digit of 216941?
1
What is the tens digit of 252844?
4
What is the thousands digit of 33860?
3
What is the ten thousands digit of 2781622?
8
What is the ten thousands digit of 7339920?
3
What is the thousands digit of 228695?
8
What is the units digit of 127344?
4
What is the hundred thousands digit of 6892905?
8
What is the units digit of 7540101?
1
What is the millions digit of 5577526?
5
What is the ten thousands digit of 252010?
5
What is the tens digit of 2892263?
6
What is the hundreds digit of 9144843?
8
What is the thousands digit of 180509?
0
What is the thousands digit of 4268670?
8
What is the hundreds digit of 510386?
3
What is the millions digit of 15518286?
5
What is the hundred thousands digit of 18233273?
2
What is the ten thousands digit of 2983834?
8
What is the millions digit of 3064396?
3
What is the thousands digit of 7188742?
8
What is the hundred thousands digit of 1689007?
6
What is the ten thousands digit of 3012183?
1
What is the ten thousands digit of 154189?
5
What is the tens digit of 490632?
3
What is the units digit of 85646?
6
What is the units digit of 5920413?
3
What is the thousands digit of 251285?
1
What is the units digit of 454409?
9
What is the hundred thousands digit of 258026?
2
What is the thousands digit of 7580926?
0
What is the thousands digit of 12213?
2
What is the ten thousands digit of 27945?
2
What is the units digit of 48102?
2
What is the ten thousands digit of 805360?
0
What is the tens digit of 767720?
2
What is the hundred thousands digit of 14040147?
0
What is the tens digit of 409208?
0
What is the ten thousands digit of 692321?
9
What is the hundreds digit of 211312?
3
What is the units digit of 6093675?
5
What is the units digit of 3191516?
6
What is the thousands digit of 3127884?
7
What is the hundred thousands digit of 5164978?
1
What is the tens digit of 321118?
1
What is the hundred thousands digit of 137666?
1
What is the hundred thousands digit of 392820?
3
What is the tens digit of 186314?
1
What is the thousands digit of 135719?
5
What is the hundred thousands digit of 307809?
3
What is the ten millions digit of 27658952?
2
What is the hundreds digit of 187610?
6
What is the hundred thousands digit of 4042382?
0
What is the ten thousands digit of 285469?
8
What is the hundreds digit of 18962?
9
What is the ten thousands digit of 8839231?
3
What is the thousands digit of 252047?
2
What is the hundred thousands digit of 189804?
1
What is the hundreds digit of 1594936?
9
What is the thousands digit of 1692583?
2
What is the hundred thousands digit of 3398998?
3
What is the hundreds digit of 99135?
1
What is the units digit of 14608796?
6
What is the thousands digit of 43604?
3
What is the millions digit of 2380839?
2
What is the tens digit of 9712135?
3
What is the hundreds digit of 25657?
6
What is the units digit of 1303216?
6
What is the ten thousands digit of 263725?
6
What is the tens digit of 304337?
3
What is the ten thousands digit of 46746?
4
What is the hundred thousands digit of 821496?
8
What is the thousands digit of 2004168?
4
What is the units digit of 100656?
6
What is the millions digit of 2967703?
2
What is the ten thousands digit of 2701002?
0
What is the thousands digit of 7101170?
1
What is the hundred thousands digit of 1468779?
4
What is the thousands digit of 3355917?
5
What is the units digit of 14888342?
2
What is the hundred thousands digit of 1335087?
3
What is the millions digit of 3440384?
3
What is the units digit of 18110400?
0
What is the hundred thousands digit of 738305?
7
What is the tens digit of 543536?
3
What is the ten millions digit of 11237344?
1
What is the hundred thousands digit of 420098?
4
What is the hundreds digit of 443707?
7
What is the units digit of 37412?
2
What is the thousands digit of 4524174?
4
What is the ten thousands digit of 8262657?
6
What is the tens digit of 111381?
8
What is the tens digit of 122908?
0
What is the hundred thousands digit of 5450844?
4
What is the ten thousands digit of 467611?
6
What is the hundreds digit of 184010?
0
What is the tens digit of 5047?
4
What is the units digit of 193435?
5
What is the ten thousands digit of 2300496?
0
What is the thousands digit of 6350499?
0
What is the units digit of 10828?
8
What is the ten thousands digit of 5590170?
9
What is the tens digit of 31848660?
6
What is the hundreds digit of 237661?
6
What is the units digit of 4102065?
5
What is the units digit of 376213?
3
What is the ten thousands digit of 196735?
9
What is the units digit of 3877579?
9
What is the millions digit of 28261807?
8
What is the ten thousands digit of 2012170?
1
What is the ten millions digit of 33686975?
3
What is the ten thousands digit of 891044?
9
What is the units digit of 13656368?
8
What is the thousands digit of 832054?
2
What is the hundred thousands digit of 4111810?
1
What is the tens digit of 1163856?
5
What is the hundreds digit of 20168404?
4
What is the hundreds digit of 17092264?
2
What is the ten millions digit of 25195618?
2
What is the hundreds digit of 13348142?
1
What is the thousands digit of 7507611?
7
What is the thousands digit of 1481968?
1
What is the tens digit of 1263977?
7
What is the tens digit of 298256?
5
What is the units digit of 169403?
3
What is the units digit of 343239?
9
What is the hundred thousands digit of 20805875?
8
What is the thousands digit of 1180309?
0
What is the ten millions digit of 21092123?
2
What is the ten thousands digit of 50159?
5
What is the tens digit of 688518?
1
What is the thousands digit of 4191399?
1
What is the hundred thousands digit of 5746359?
7
What is the ten thousands digit of 486634?
8
What is th